vided by n?
5
Let y be (0 - -1)/(1/11). Suppose 5*l = 19 + y. Suppose -50 = -5*v + 3*u, 3545*v - 3543*v - 3*u - 29 = 0. What is the remainder when v is divided by l?
1
Calculate the remainder when (-1632)/((-9)/3) + 4 is divided by 25.
23
Let j = -92 + 110. What is the remainder when j is divided by 5?
3
Suppose 3*g - j = 354, -4*g + 596 = -4*j + 124. Calculate the remainder when 234 is divided by g.
116
Suppose 13*x - 1764 = 6*x. Calculate the remainder when x is divided by 16.
12
Suppose 69*u = 252 + 507. What is the remainder when u is divided by 2/(1/1) - -2?
3
Let o = 48 + -2. Suppose 88 = 9*i - 8*i. What is the remainder when i is divided by o?
42
Let w = -509 + 536. Calculate the remainder when w is divided by 4.
3
Let w be ((-2)/3)/((-12)/(-954)). Let z = -24 - w. Suppose -4*j = -0*j - 4*m - 60, -4*j - 5*m = -24. What is the remainder when z is divided by j?
7
What is the remainder when 1 + (8 - 2 - -146) is divided by 31?
29
Suppose -4*v = 3*z + 14, -2*z - 16*v + 11*v = 0. What is the remainder when 5/(z/(-4))*(13 + -2) is divided by 12?
10
Suppose 0 = 3*u - 27 + 24. Let g = -5 - -6. Calculate the remainder when u is divided by g.
0
Suppose -4*p = -4*a - 8*p + 172, 0 = 5*a - 5*p - 255. Calculate the remainder when a is divided by 25.
22
Let w = 18 + -10. Suppose n - 6 + 12 = 0. Let k(p) = p**2 + p - 19. Calculate the remainder when k(n) is divided by w.
3
Let i = 176 + -156. Let f(c) = 3*c + 1. Calculate the remainder when i is divided by f(2).
6
Let w(g) = 74*g**3 - 2*g**2 + 1. Calculate the remainder when w(1) is divided by 37.
36
Suppose 4*l - 186 = 2*q, -33 = -3*l + 3*q + 108. Calculate the remainder when l is divided by 22 + 5*(-6)/5.
14
Let r(y) = 3*y - 12. Let j be r(25). Let c = 134 - j. What is the remainder when c is divided by 20?
11
Suppose -2*p + 331 = -3*v, 185 = 2*p - 4*v - 147. What is the remainder when p is divided by 36?
20
Suppose 5*u - 4*a = 86, 8*u - a + 52 = 12*u. Suppose 4*n + 10*d - 5*d - 301 = 0, 3*d = n - 54. Calculate the remainder when n is divided by u.
13
Let h(y) = y + 12. What is the remainder when (-1)/(-2)*120/3 is divided by h(0)?
8
Suppose 8*n = 12*n - 104. What is the remainder when 285 is divided by n?
25
Suppose -4*w = -4*q + 28, -5*q + q - w = -13. Suppose -4*t + 64 = 5*m, -38 - 10 = -4*m - q*t. Calculate the remainder when m is divided by 9.
7
Suppose -6*j + 43 = -623. Calculate the remainder when j is divided by 24.
15
Let t = 207 + -112. What is the remainder when 72*(t/15 + -5) is divided by 14?
12
Suppose -5*l = 3 - 13. Suppose -71 - 19 = -l*a. Calculate the remainder when a is divided by 16.
13
Let t(n) be the third derivative of -n**6/120 + n**5/12 - n**4/8 + n**3 - 12*n**2. What is the remainder when t(4) is divided by 4?
2
What is the remainder when -2 - -404 - (-2 - -11) is divided by 57?
51
Suppose -5*l + 21 = -4*l. Calculate the remainder when l is divided by 4.
1
Let j be -5*((-28)/(-20) + -2) - 0. Suppose j*m = 6 + 6. What is the remainder when m is divided by 4?
0
Suppose -2*r + 255 = 3*q, -r + 17*q + 127 = 18*q. Calculate the remainder when 366 is divided by r.
114
Let q = -55 + 55. Suppose -5*x + 125 = -q*x. Let y = -58 + 131. What is the remainder when y is divided by x?
23
Let k = 14 - 6. Suppose 2*u = 3*v - 7 - k, u + v + 10 = 0. What is the remainder when (300/u)/2*-3 is divided by 13?
11
Let v = -24 - -40. Let r be (108/14)/(10/70). Let q = -23 + r. What is the remainder when q is divided by v?
15
Suppose 2*r + 30 = 6*o - 2*o, 0 = 4*o - 20. Calculate the remainder when (-611)/r + (21/(-35))/3 is divided by 14.
10
Let u(j) = j**3 - 8*j**2 + 5*j + 8. Let q be u(7). Let t be 2/q + (-3519)/(-27). Suppose 9*d - t = 4*d. What is the remainder when 77 is divided by d?
25
Let u = -63 - -95. Suppose -a + u = 4*l + l, l = -4*a + 14. What is the remainder when 18 is divided by l?
0
Suppose 5*s + 2*u - 172 = 0, 3*s + 0*s - 4*u = 98. Let d(q) = -q + 36. Let n be d(-24). What is the remainder when s is divided by -3 + (-11)/((-55)/n)?
7
Suppose -37*f + 3*c - 366 = -38*f, -4*f + 1442 = c. Calculate the remainder when f is divided by 105.
45
Let a = -204 + 247. Calculate the remainder when 257 is divided by a.
42
Let q(u) = -118*u - 1372. Calculate the remainder when q(-12) is divided by ((-1)/2)/(1/(-18)).
8
Let a(c) = 6*c**2 + 3*c - 27. What is the remainder when 339 is divided by a(-4)?
54
Let y be (-9)/(-24) + 333/8. Let j = -27 + y. What is the remainder when 27 is divided by j?
12
Suppose 0 = -5*a - 5*r + 170, -r + 34 + 72 = 3*a. Calculate the remainder when a is divided by 24.
12
Suppose 3*y + 19 = 37. What is the remainder when (15/y)/5 - (-33)/2 is divided by 6?
5
Let j(r) = -r + 2. Let d be j(-3). Suppose 2*k = 5*m - 51, -3*m - d*k = -5*m + 12. What is the remainder when 42 is divided by m?
9
Let w be (-75)/(-100) + (-15)/4. Let n = w - -60. Calculate the remainder when n is divided by 20.
17
Let u(f) = -7*f**2 + 2 + 5*f**3 - 2*f + 3*f**3 - 6*f**3 - 3*f**3. Calculate the remainder when 47 is divided by u(-7).
15
Let h(v) = -v + 38. Let i be h(0). Let x = i + -11. Calculate the remainder when 50 is divided by x.
23
Let b = -8 - -119. Calculate the remainder when b is divided by 28.
27
Suppose 0*g + 3*g - 129 = 0. Let r = 76 - g. What is the remainder when 63 is divided by r?
30
Suppose 0 = 2*l - 20 - 34. Let h(s) = s**3 - 7*s**2 - 31*s + 25. What is the remainder when l is divided by h(10)?
12
Suppose 10*m + 167 = 497. Calculate the remainder when 230 is divided by m.
32
Suppose 0 = 7*n - 6*n - 2. Suppose 6*c - n*c - 44 = 0. Calculate the remainder when c is divided by 4.
3
Let k(y) be the second derivative of y**3/6 + 8*y**2 + 6*y. What is the remainder when 27 is divided by k(-5)?
5
Let c(u) = -u**2 - 16*u - 35. Calculate the remainder when c(-6) is divided by 9.
7
Let x = -165 - -214. Calculate the remainder when 190 is divided by x.
43
Let v(b) = -b**3 + 9*b**2 - 2*b + 1. Calculate the remainder when v(-5) is divided by 26.
23
Let c = -47 + 89. What is the remainder when c is divided by 0 - -10*2 - (-7 - -4)?
19
Suppose -10*z - 95 = -495. What is the remainder when z is divided by 23?
17
Let b = 762 - 517. Let d = b - 122. Let j(l) = -l**2 + 31. Calculate the remainder when d is divided by j(0).
30
What is the remainder when 534/8 - 13/(-52) is divided by 19?
10
Suppose 5*v = v + 168. What is the remainder when (-13062)/(-105) + 13/5 + -3 is divided by v?
40
Let r be (3/(-2))/(12/(-72)). Calculate the remainder when r*5/5 - -2 is divided by 3.
2
Let n = 0 + -94. What is the remainder when (0 - 1)/(2/n) is divided by 10?
7
Let s(t) be the third derivative of -t**6/120 + 2*t**5/15 - t**4/4 - t**3 - t**2. Let n(m) = 2*m. What is the remainder when s(5) is divided by n(5)?
9
Suppose -24*f = -24 - 576. Calculate the remainder when 447 is divided by f.
22
Let l = -394 + 448. Calculate the remainder when 105 is divided by l.
51
Let t(d) = 3*d. Let m(v) = 7*v + 68. What is the remainder when m(-2) is divided by t(5)?
9
Suppose 8*h = -4*a + 4*h - 28, -4*a - 2*h = 26. Let r(z) = 2*z**2 - 2*z - 5. What is the remainder when r(a) is divided by 16?
15
Let m(n) = -n**2 - 8*n + 1. Suppose -4*t = -3*h - 6, -41 + 2 = 4*h + 5*t. Let w(b) = b**2 + 4*b + 1. Calculate the remainder when w(3) is divided by m(h).
9
Let c = 27 - 12. Let f = c + -11. What is the remainder when (-2 - -4)*50/f is divided by 9?
7
Let l = -6 - -13. Let v = 0 + l. Suppose -13*n - 16 = -17*n. Calculate the remainder when v is divided by n.
3
Let c(w) = -46*w - 75. Calculate the remainder when c(-4) is divided by 28.
25
Suppose 33*x = -20*x + 2544. What is the remainder when 103 is divided by x?
7
Suppose l - 5*k - 63 - 148 = 0, -2*l - 3*k = -409. What is the remainder when l is divided by 53?
47
Let f = -3 - -15. Let v = -405 - -425. What is the remainder when v is divided by f?
8
Calculate the remainder when -15*8/24 - -115 is divided by 40.
30
Let g(t) = t**3 - 7*t**2 - 6*t - 11. Let h(y) = -2*y - 8. Let x be h(-8). Let q be g(x). Suppose -q*s + 37 = -38. What is the remainder when 44 is divided by s?
14
Let u(f) = -f**3 + 20*f**2 - 36*f + 26. Let x be u(18). Suppose -x*n = -25*n - 36. What is the remainder when n is divided by 19?
17
Let g(c) = -c**3 + 6*c**2 - 7*c + 4. Suppose -5*h + 26 = -74. Suppose 3*b + 8 = h.